{"version":"1.0","provider_name":"LA16.fr en Charente","provider_url":"https:\/\/www.la16.fr\/fr","author_name":"Th\u00e9mis Linet","author_url":"https:\/\/www.la16.fr\/fr\/author\/themis\/","title":"\u00c9lisabeth Borne et la lutte contre l\u2019entrisme islamiste | LA16.fr en Charente","type":"rich","width":600,"height":338,"html":"<blockquote class=\"wp-embedded-content\" data-secret=\"kNFuTSi1yG\"><a href=\"https:\/\/www.la16.fr\/fr\/elisabeth-borne-et-la-lutte-contre-lentrisme-islamiste\/\">\u00c9lisabeth Borne et la lutte contre l\u2019entrisme islamiste<\/a><\/blockquote><iframe sandbox=\"allow-scripts\" security=\"restricted\" src=\"https:\/\/www.la16.fr\/fr\/elisabeth-borne-et-la-lutte-contre-lentrisme-islamiste\/embed\/#?secret=kNFuTSi1yG\" width=\"600\" height=\"338\" title=\"\u00ab\u00a0\u00c9lisabeth Borne et la lutte contre l\u2019entrisme islamiste\u00a0\u00bb &#8212; LA16.fr en Charente\" data-secret=\"kNFuTSi1yG\" frameborder=\"0\" marginwidth=\"0\" marginheight=\"0\" scrolling=\"no\" class=\"wp-embedded-content\"><\/iframe><script>\n\/*! This file is auto-generated *\/\n!function(d,l){\"use strict\";l.querySelector&&d.addEventListener&&\"undefined\"!=typeof URL&&(d.wp=d.wp||{},d.wp.receiveEmbedMessage||(d.wp.receiveEmbedMessage=function(e){var t=e.data;if((t||t.secret||t.message||t.value)&&!\/[^a-zA-Z0-9]\/.test(t.secret)){for(var s,r,n,a=l.querySelectorAll('iframe[data-secret=\"'+t.secret+'\"]'),o=l.querySelectorAll('blockquote[data-secret=\"'+t.secret+'\"]'),c=new RegExp(\"^https?:$\",\"i\"),i=0;i<o.length;i++)o[i].style.display=\"none\";for(i=0;i<a.length;i++)s=a[i],e.source===s.contentWindow&&(s.removeAttribute(\"style\"),\"height\"===t.message?(1e3<(r=parseInt(t.value,10))?r=1e3:~~r<200&&(r=200),s.height=r):\"link\"===t.message&&(r=new URL(s.getAttribute(\"src\")),n=new URL(t.value),c.test(n.protocol))&&n.host===r.host&&l.activeElement===s&&(d.top.location.href=t.value))}},d.addEventListener(\"message\",d.wp.receiveEmbedMessage,!1),l.addEventListener(\"DOMContentLoaded\",function(){for(var e,t,s=l.querySelectorAll(\"iframe.wp-embedded-content\"),r=0;r<s.length;r++)(t=(e=s[r]).getAttribute(\"data-secret\"))||(t=Math.random().toString(36).substring(2,12),e.src+=\"#?secret=\"+t,e.setAttribute(\"data-secret\",t)),e.contentWindow.postMessage({message:\"ready\",secret:t},\"*\")},!1)))}(window,document);\n<\/script>\n","thumbnail_url":"https:\/\/www.la16.fr\/fr\/wp-content\/uploads\/2025\/03\/Elisabeth-Borne-le-15-mars-2023-au-Senat-1607096.jpg","thumbnail_width":1024,"thumbnail_height":576,"description":"Malgr\u00e9 les tensions au sein du gouvernement sur la question du port du voile dans le sport, ce samedi 22 mars, \u00c9lisabeth Borne a r\u00e9affirm\u00e9 sa position en faveur de l&rsquo;interdiction des signes religieux dans les comp\u00e9titions sportives. Selon elle, cette mesure doit s\u2019inscrire dans une approche plus large visant [...]"}

Thémis Linet

Élisabeth Borne et la lutte contre l’entrisme islamiste | LA16.fr en Charente

<blockquote class="wp-embedded-content" data-secret="kNFuTSi1yG"><a href="https://www.la16.fr/fr/elisabeth-borne-et-la-lutte-contre-lentrisme-islamiste/">Élisabeth Borne et la lutte contre l’entrisme islamiste</a></blockquote><iframe sandbox="allow-scripts" security="restricted" src="https://www.la16.fr/fr/elisabeth-borne-et-la-lutte-contre-lentrisme-islamiste/embed/#?secret=kNFuTSi1yG" width="600" height="338" title="« Élisabeth Borne et la lutte contre l’entrisme islamiste » &#8212; LA16.fr en Charente" data-secret="kNFuTSi1yG" frameborder="0" marginwidth="0" marginheight="0" scrolling="no" class="wp-embedded-content"></iframe><script>
/*! This file is auto-generated */
!function(d,l){"use strict";l.querySelector&&d.addEventListener&&"undefined"!=typeof URL&&(d.wp=d.wp||{},d.wp.receiveEmbedMessage||(d.wp.receiveEmbedMessage=function(e){var t=e.data;if((t||t.secret||t.message||t.value)&&!/[^a-zA-Z0-9]/.test(t.secret)){for(var s,r,n,a=l.querySelectorAll('iframe[data-secret="'+t.secret+'"]'),o=l.querySelectorAll('blockquote[data-secret="'+t.secret+'"]'),c=new RegExp("^https?:$","i"),i=0;i<o.length;i++)o[i].style.display="none";for(i=0;i<a.length;i++)s=a[i],e.source===s.contentWindow&&(s.removeAttribute("style"),"height"===t.message?(1e3<(r=parseInt(t.value,10))?r=1e3:~~r<200&&(r=200),s.height=r):"link"===t.message&&(r=new URL(s.getAttribute("src")),n=new URL(t.value),c.test(n.protocol))&&n.host===r.host&&l.activeElement===s&&(d.top.location.href=t.value))}},d.addEventListener("message",d.wp.receiveEmbedMessage,!1),l.addEventListener("DOMContentLoaded",function(){for(var e,t,s=l.querySelectorAll("iframe.wp-embedded-content"),r=0;r<s.length;r++)(t=(e=s[r]).getAttribute("data-secret"))||(t=Math.random().toString(36).substring(2,12),e.src+="#?secret="+t,e.setAttribute("data-secret",t)),e.contentWindow.postMessage({message:"ready",secret:t},"*")},!1)))}(window,document);
</script>

Malgré les tensions au sein du gouvernement sur la question du port du voile dans le sport, ce samedi 22 mars, Élisabeth Borne a réaffirmé sa position en faveur de l&rsquo;interdiction des signes religieux dans les compétitions sportives. Selon elle, cette mesure doit s’inscrire dans une approche plus large visant [...]
