{"id":24117,"date":"2025-02-07T16:47:47","date_gmt":"2025-02-07T15:47:47","guid":{"rendered":"https:\/\/www.la16.fr\/fr\/?post_type=event&#038;p=24117"},"modified":"2025-02-07T16:47:47","modified_gmt":"2025-02-07T15:47:47","slug":"34eme-edition-de-la-journee-des-moulins-vivants","status":"publish","type":"event","link":"https:\/\/www.la16.fr\/fr\/agenda\/34eme-edition-de-la-journee-des-moulins-vivants\/","title":{"rendered":"34\u00e8me \u00e9dition de la Journ\u00e9e des Moulins Vivants"},"content":{"rendered":"<div id=\"modal-ready\"><p><img decoding=\"async\" class=\"alignnone wp-image-24118 size-full\" src=\"https:\/\/www.la16.fr\/fr\/wp-content\/uploads\/2025\/02\/475738775_1201349988661025_6429416228819915813_n.jpg\" alt=\"\" width=\"1448\" height=\"2048\" srcset=\"https:\/\/www.la16.fr\/fr\/wp-content\/uploads\/2025\/02\/475738775_1201349988661025_6429416228819915813_n.jpg 1448w, https:\/\/www.la16.fr\/fr\/wp-content\/uploads\/2025\/02\/475738775_1201349988661025_6429416228819915813_n-400x566.jpg 400w, https:\/\/www.la16.fr\/fr\/wp-content\/uploads\/2025\/02\/475738775_1201349988661025_6429416228819915813_n-848x1200.jpg 848w, https:\/\/www.la16.fr\/fr\/wp-content\/uploads\/2025\/02\/475738775_1201349988661025_6429416228819915813_n-768x1086.jpg 768w, https:\/\/www.la16.fr\/fr\/wp-content\/uploads\/2025\/02\/475738775_1201349988661025_6429416228819915813_n-1086x1536.jpg 1086w\" sizes=\"(max-width: 1448px) 100vw, 1448px\" \/><\/p>\n<\/div>","protected":false},"excerpt":{"rendered":"","protected":false},"featured_media":24118,"template":"","eventtype":[271,336,387],"class_list":["post-24117","event","type-event","status-publish","has-post-thumbnail","hentry","eventtype-artisanat","eventtype-exposition","eventtype-portes-ouvertes"],"yoast_head":"<!-- This site is optimized with the Yoast SEO plugin v27.5 - https:\/\/yoast.com\/product\/yoast-seo-wordpress\/ -->\n<title>34\u00e8me \u00e9dition de la Journ\u00e9e des Moulins Vivants | LA16.fr en Charente<\/title>\n<meta name=\"robots\" content=\"index, follow, max-snippet:-1, max-image-preview:large, max-video-preview:-1\" \/>\n<link rel=\"canonical\" href=\"https:\/\/www.la16.fr\/fr\/agenda\/34eme-edition-de-la-journee-des-moulins-vivants\/\" \/>\n<meta property=\"og:locale\" content=\"fr_FR\" \/>\n<meta property=\"og:type\" content=\"article\" \/>\n<meta property=\"og:title\" content=\"34\u00e8me \u00e9dition de la Journ\u00e9e des Moulins Vivants | LA16.fr en Charente\" \/>\n<meta property=\"og:url\" content=\"https:\/\/www.la16.fr\/fr\/agenda\/34eme-edition-de-la-journee-des-moulins-vivants\/\" \/>\n<meta property=\"og:site_name\" content=\"LA16.fr en Charente\" \/>\n<meta property=\"article:publisher\" content=\"https:\/\/www.facebook.com\/LA16fr\" \/>\n<meta property=\"og:image\" content=\"https:\/\/www.la16.fr\/fr\/wp-content\/uploads\/2025\/02\/475738775_1201349988661025_6429416228819915813_n.jpg\" \/>\n\t<meta property=\"og:image:width\" content=\"1448\" \/>\n\t<meta property=\"og:image:height\" content=\"2048\" \/>\n\t<meta property=\"og:image:type\" content=\"image\/jpeg\" \/>\n<meta name=\"twitter:card\" content=\"summary_large_image\" \/>\n<meta name=\"twitter:site\" content=\"@La16Fr\" \/>\n<script type=\"application\/ld+json\" class=\"yoast-schema-graph\">{\"@context\":\"https:\\\/\\\/schema.org\",\"@graph\":[{\"@type\":\"WebPage\",\"@id\":\"https:\\\/\\\/www.la16.fr\\\/fr\\\/agenda\\\/34eme-edition-de-la-journee-des-moulins-vivants\\\/\",\"url\":\"https:\\\/\\\/www.la16.fr\\\/fr\\\/agenda\\\/34eme-edition-de-la-journee-des-moulins-vivants\\\/\",\"name\":\"34\u00e8me \u00e9dition de la Journ\u00e9e des Moulins Vivants | LA16.fr en Charente\",\"isPartOf\":{\"@id\":\"https:\\\/\\\/www.la16.fr\\\/fr\\\/#website\"},\"primaryImageOfPage\":{\"@id\":\"https:\\\/\\\/www.la16.fr\\\/fr\\\/agenda\\\/34eme-edition-de-la-journee-des-moulins-vivants\\\/#primaryimage\"},\"image\":{\"@id\":\"https:\\\/\\\/www.la16.fr\\\/fr\\\/agenda\\\/34eme-edition-de-la-journee-des-moulins-vivants\\\/#primaryimage\"},\"thumbnailUrl\":\"https:\\\/\\\/www.la16.fr\\\/fr\\\/wp-content\\\/uploads\\\/2025\\\/02\\\/475738775_1201349988661025_6429416228819915813_n.jpg\",\"datePublished\":\"2025-02-07T15:47:47+00:00\",\"breadcrumb\":{\"@id\":\"https:\\\/\\\/www.la16.fr\\\/fr\\\/agenda\\\/34eme-edition-de-la-journee-des-moulins-vivants\\\/#breadcrumb\"},\"inLanguage\":\"fr-FR\",\"potentialAction\":[{\"@type\":\"ReadAction\",\"target\":[\"https:\\\/\\\/www.la16.fr\\\/fr\\\/agenda\\\/34eme-edition-de-la-journee-des-moulins-vivants\\\/\"]}]},{\"@type\":\"ImageObject\",\"inLanguage\":\"fr-FR\",\"@id\":\"https:\\\/\\\/www.la16.fr\\\/fr\\\/agenda\\\/34eme-edition-de-la-journee-des-moulins-vivants\\\/#primaryimage\",\"url\":\"https:\\\/\\\/www.la16.fr\\\/fr\\\/wp-content\\\/uploads\\\/2025\\\/02\\\/475738775_1201349988661025_6429416228819915813_n.jpg\",\"contentUrl\":\"https:\\\/\\\/www.la16.fr\\\/fr\\\/wp-content\\\/uploads\\\/2025\\\/02\\\/475738775_1201349988661025_6429416228819915813_n.jpg\",\"width\":1448,\"height\":2048},{\"@type\":\"BreadcrumbList\",\"@id\":\"https:\\\/\\\/www.la16.fr\\\/fr\\\/agenda\\\/34eme-edition-de-la-journee-des-moulins-vivants\\\/#breadcrumb\",\"itemListElement\":[{\"@type\":\"ListItem\",\"position\":1,\"name\":\"Accueil\",\"item\":\"https:\\\/\\\/www.la16.fr\\\/fr\\\/\"},{\"@type\":\"ListItem\",\"position\":2,\"name\":\"\u00c9v\u00e9nement\",\"item\":\"https:\\\/\\\/www.la16.fr\\\/fr\\\/agenda\\\/\"},{\"@type\":\"ListItem\",\"position\":3,\"name\":\"34\u00e8me \u00e9dition de la Journ\u00e9e des Moulins Vivants\"}]},{\"@type\":\"WebSite\",\"@id\":\"https:\\\/\\\/www.la16.fr\\\/fr\\\/#website\",\"url\":\"https:\\\/\\\/www.la16.fr\\\/fr\\\/\",\"name\":\"LA16.fr en Charente\",\"description\":\"\",\"publisher\":{\"@id\":\"https:\\\/\\\/www.la16.fr\\\/fr\\\/#organization\"},\"potentialAction\":[{\"@type\":\"SearchAction\",\"target\":{\"@type\":\"EntryPoint\",\"urlTemplate\":\"https:\\\/\\\/www.la16.fr\\\/fr\\\/?s={search_term_string}\"},\"query-input\":{\"@type\":\"PropertyValueSpecification\",\"valueRequired\":true,\"valueName\":\"search_term_string\"}}],\"inLanguage\":\"fr-FR\"},{\"@type\":\"Organization\",\"@id\":\"https:\\\/\\\/www.la16.fr\\\/fr\\\/#organization\",\"name\":\"LA16\",\"url\":\"https:\\\/\\\/www.la16.fr\\\/fr\\\/\",\"logo\":{\"@type\":\"ImageObject\",\"inLanguage\":\"fr-FR\",\"@id\":\"https:\\\/\\\/www.la16.fr\\\/fr\\\/#\\\/schema\\\/logo\\\/image\\\/\",\"url\":\"https:\\\/\\\/www.la16.fr\\\/fr\\\/wp-content\\\/uploads\\\/2021\\\/08\\\/logo-2019-vectoriel-ok.png\",\"contentUrl\":\"https:\\\/\\\/www.la16.fr\\\/fr\\\/wp-content\\\/uploads\\\/2021\\\/08\\\/logo-2019-vectoriel-ok.png\",\"width\":500,\"height\":500,\"caption\":\"LA16\"},\"image\":{\"@id\":\"https:\\\/\\\/www.la16.fr\\\/fr\\\/#\\\/schema\\\/logo\\\/image\\\/\"},\"sameAs\":[\"https:\\\/\\\/www.facebook.com\\\/LA16fr\",\"https:\\\/\\\/x.com\\\/La16Fr\",\"https:\\\/\\\/www.instagram.com\\\/la16fr\\\/\",\"https:\\\/\\\/www.youtube.com\\\/channel\\\/UCdWiToB8k03CX56jPTUr07A\"]}]}<\/script>\n<!-- \/ Yoast SEO plugin. -->","yoast_head_json":{"title":"34\u00e8me \u00e9dition de la Journ\u00e9e des Moulins Vivants | LA16.fr en Charente","robots":{"index":"index","follow":"follow","max-snippet":"max-snippet:-1","max-image-preview":"max-image-preview:large","max-video-preview":"max-video-preview:-1"},"canonical":"https:\/\/www.la16.fr\/fr\/agenda\/34eme-edition-de-la-journee-des-moulins-vivants\/","og_locale":"fr_FR","og_type":"article","og_title":"34\u00e8me \u00e9dition de la Journ\u00e9e des Moulins Vivants | LA16.fr en Charente","og_url":"https:\/\/www.la16.fr\/fr\/agenda\/34eme-edition-de-la-journee-des-moulins-vivants\/","og_site_name":"LA16.fr en Charente","article_publisher":"https:\/\/www.facebook.com\/LA16fr","og_image":[{"width":1448,"height":2048,"url":"https:\/\/www.la16.fr\/fr\/wp-content\/uploads\/2025\/02\/475738775_1201349988661025_6429416228819915813_n.jpg","type":"image\/jpeg"}],"twitter_card":"summary_large_image","twitter_site":"@La16Fr","schema":{"@context":"https:\/\/schema.org","@graph":[{"@type":"WebPage","@id":"https:\/\/www.la16.fr\/fr\/agenda\/34eme-edition-de-la-journee-des-moulins-vivants\/","url":"https:\/\/www.la16.fr\/fr\/agenda\/34eme-edition-de-la-journee-des-moulins-vivants\/","name":"34\u00e8me \u00e9dition de la Journ\u00e9e des Moulins Vivants | LA16.fr en Charente","isPartOf":{"@id":"https:\/\/www.la16.fr\/fr\/#website"},"primaryImageOfPage":{"@id":"https:\/\/www.la16.fr\/fr\/agenda\/34eme-edition-de-la-journee-des-moulins-vivants\/#primaryimage"},"image":{"@id":"https:\/\/www.la16.fr\/fr\/agenda\/34eme-edition-de-la-journee-des-moulins-vivants\/#primaryimage"},"thumbnailUrl":"https:\/\/www.la16.fr\/fr\/wp-content\/uploads\/2025\/02\/475738775_1201349988661025_6429416228819915813_n.jpg","datePublished":"2025-02-07T15:47:47+00:00","breadcrumb":{"@id":"https:\/\/www.la16.fr\/fr\/agenda\/34eme-edition-de-la-journee-des-moulins-vivants\/#breadcrumb"},"inLanguage":"fr-FR","potentialAction":[{"@type":"ReadAction","target":["https:\/\/www.la16.fr\/fr\/agenda\/34eme-edition-de-la-journee-des-moulins-vivants\/"]}]},{"@type":"ImageObject","inLanguage":"fr-FR","@id":"https:\/\/www.la16.fr\/fr\/agenda\/34eme-edition-de-la-journee-des-moulins-vivants\/#primaryimage","url":"https:\/\/www.la16.fr\/fr\/wp-content\/uploads\/2025\/02\/475738775_1201349988661025_6429416228819915813_n.jpg","contentUrl":"https:\/\/www.la16.fr\/fr\/wp-content\/uploads\/2025\/02\/475738775_1201349988661025_6429416228819915813_n.jpg","width":1448,"height":2048},{"@type":"BreadcrumbList","@id":"https:\/\/www.la16.fr\/fr\/agenda\/34eme-edition-de-la-journee-des-moulins-vivants\/#breadcrumb","itemListElement":[{"@type":"ListItem","position":1,"name":"Accueil","item":"https:\/\/www.la16.fr\/fr\/"},{"@type":"ListItem","position":2,"name":"\u00c9v\u00e9nement","item":"https:\/\/www.la16.fr\/fr\/agenda\/"},{"@type":"ListItem","position":3,"name":"34\u00e8me \u00e9dition de la Journ\u00e9e des Moulins Vivants"}]},{"@type":"WebSite","@id":"https:\/\/www.la16.fr\/fr\/#website","url":"https:\/\/www.la16.fr\/fr\/","name":"LA16.fr en Charente","description":"","publisher":{"@id":"https:\/\/www.la16.fr\/fr\/#organization"},"potentialAction":[{"@type":"SearchAction","target":{"@type":"EntryPoint","urlTemplate":"https:\/\/www.la16.fr\/fr\/?s={search_term_string}"},"query-input":{"@type":"PropertyValueSpecification","valueRequired":true,"valueName":"search_term_string"}}],"inLanguage":"fr-FR"},{"@type":"Organization","@id":"https:\/\/www.la16.fr\/fr\/#organization","name":"LA16","url":"https:\/\/www.la16.fr\/fr\/","logo":{"@type":"ImageObject","inLanguage":"fr-FR","@id":"https:\/\/www.la16.fr\/fr\/#\/schema\/logo\/image\/","url":"https:\/\/www.la16.fr\/fr\/wp-content\/uploads\/2021\/08\/logo-2019-vectoriel-ok.png","contentUrl":"https:\/\/www.la16.fr\/fr\/wp-content\/uploads\/2021\/08\/logo-2019-vectoriel-ok.png","width":500,"height":500,"caption":"LA16"},"image":{"@id":"https:\/\/www.la16.fr\/fr\/#\/schema\/logo\/image\/"},"sameAs":["https:\/\/www.facebook.com\/LA16fr","https:\/\/x.com\/La16Fr","https:\/\/www.instagram.com\/la16fr\/","https:\/\/www.youtube.com\/channel\/UCdWiToB8k03CX56jPTUr07A"]}]}},"_links":{"self":[{"href":"https:\/\/www.la16.fr\/fr\/wp-json\/wp\/v2\/event\/24117","targetHints":{"allow":["GET"]}}],"collection":[{"href":"https:\/\/www.la16.fr\/fr\/wp-json\/wp\/v2\/event"}],"about":[{"href":"https:\/\/www.la16.fr\/fr\/wp-json\/wp\/v2\/types\/event"}],"version-history":[{"count":1,"href":"https:\/\/www.la16.fr\/fr\/wp-json\/wp\/v2\/event\/24117\/revisions"}],"predecessor-version":[{"id":24119,"href":"https:\/\/www.la16.fr\/fr\/wp-json\/wp\/v2\/event\/24117\/revisions\/24119"}],"wp:featuredmedia":[{"embeddable":true,"href":"https:\/\/www.la16.fr\/fr\/wp-json\/wp\/v2\/media\/24118"}],"wp:attachment":[{"href":"https:\/\/www.la16.fr\/fr\/wp-json\/wp\/v2\/media?parent=24117"}],"wp:term":[{"taxonomy":"eventtype","embeddable":true,"href":"https:\/\/www.la16.fr\/fr\/wp-json\/wp\/v2\/eventtype?post=24117"}],"curies":[{"name":"wp","href":"https:\/\/api.w.org\/{rel}","templated":true}]}}

34ème édition de la Journée des Moulins Vivants

<!-- This site is optimized with the Yoast SEO plugin v27.5 - https://yoast.com/product/yoast-seo-wordpress/ -->
<title>34ème édition de la Journée des Moulins Vivants | LA16.fr en Charente</title>
<meta name="robots" content="index, follow, max-snippet:-1, max-image-preview:large, max-video-preview:-1" />
<link rel="canonical" href="https://www.la16.fr/fr/agenda/34eme-edition-de-la-journee-des-moulins-vivants/" />
<meta property="og:locale" content="fr_FR" />
<meta property="og:type" content="article" />
<meta property="og:title" content="34ème édition de la Journée des Moulins Vivants | LA16.fr en Charente" />
<meta property="og:url" content="https://www.la16.fr/fr/agenda/34eme-edition-de-la-journee-des-moulins-vivants/" />
<meta property="og:site_name" content="LA16.fr en Charente" />
<meta property="article:publisher" content="https://www.facebook.com/LA16fr" />
<meta property="og:image" content="https://www.la16.fr/fr/wp-content/uploads/2025/02/475738775_1201349988661025_6429416228819915813_n.jpg" />
	<meta property="og:image:width" content="1448" />
	<meta property="og:image:height" content="2048" />
	<meta property="og:image:type" content="image/jpeg" />
<meta name="twitter:card" content="summary_large_image" />
<meta name="twitter:site" content="@La16Fr" />
<script type="application/ld+json" class="yoast-schema-graph">{"@context":"https:\/\/schema.org","@graph":[{"@type":"WebPage","@id":"https:\/\/www.la16.fr\/fr\/agenda\/34eme-edition-de-la-journee-des-moulins-vivants\/","url":"https:\/\/www.la16.fr\/fr\/agenda\/34eme-edition-de-la-journee-des-moulins-vivants\/","name":"34ème édition de la Journée des Moulins Vivants | LA16.fr en Charente","isPartOf":{"@id":"https:\/\/www.la16.fr\/fr\/#website"},"primaryImageOfPage":{"@id":"https:\/\/www.la16.fr\/fr\/agenda\/34eme-edition-de-la-journee-des-moulins-vivants\/#primaryimage"},"image":{"@id":"https:\/\/www.la16.fr\/fr\/agenda\/34eme-edition-de-la-journee-des-moulins-vivants\/#primaryimage"},"thumbnailUrl":"https:\/\/www.la16.fr\/fr\/wp-content\/uploads\/2025\/02\/475738775_1201349988661025_6429416228819915813_n.jpg","datePublished":"2025-02-07T15:47:47+00:00","breadcrumb":{"@id":"https:\/\/www.la16.fr\/fr\/agenda\/34eme-edition-de-la-journee-des-moulins-vivants\/#breadcrumb"},"inLanguage":"fr-FR","potentialAction":[{"@type":"ReadAction","target":["https:\/\/www.la16.fr\/fr\/agenda\/34eme-edition-de-la-journee-des-moulins-vivants\/"]}]},{"@type":"ImageObject","inLanguage":"fr-FR","@id":"https:\/\/www.la16.fr\/fr\/agenda\/34eme-edition-de-la-journee-des-moulins-vivants\/#primaryimage","url":"https:\/\/www.la16.fr\/fr\/wp-content\/uploads\/2025\/02\/475738775_1201349988661025_6429416228819915813_n.jpg","contentUrl":"https:\/\/www.la16.fr\/fr\/wp-content\/uploads\/2025\/02\/475738775_1201349988661025_6429416228819915813_n.jpg","width":1448,"height":2048},{"@type":"BreadcrumbList","@id":"https:\/\/www.la16.fr\/fr\/agenda\/34eme-edition-de-la-journee-des-moulins-vivants\/#breadcrumb","itemListElement":[{"@type":"ListItem","position":1,"name":"Accueil","item":"https:\/\/www.la16.fr\/fr\/"},{"@type":"ListItem","position":2,"name":"Événement","item":"https:\/\/www.la16.fr\/fr\/agenda\/"},{"@type":"ListItem","position":3,"name":"34ème édition de la Journée des Moulins Vivants"}]},{"@type":"WebSite","@id":"https:\/\/www.la16.fr\/fr\/#website","url":"https:\/\/www.la16.fr\/fr\/","name":"LA16.fr en Charente","description":"","publisher":{"@id":"https:\/\/www.la16.fr\/fr\/#organization"},"potentialAction":[{"@type":"SearchAction","target":{"@type":"EntryPoint","urlTemplate":"https:\/\/www.la16.fr\/fr\/?s={search_term_string}"},"query-input":{"@type":"PropertyValueSpecification","valueRequired":true,"valueName":"search_term_string"}}],"inLanguage":"fr-FR"},{"@type":"Organization","@id":"https:\/\/www.la16.fr\/fr\/#organization","name":"LA16","url":"https:\/\/www.la16.fr\/fr\/","logo":{"@type":"ImageObject","inLanguage":"fr-FR","@id":"https:\/\/www.la16.fr\/fr\/#\/schema\/logo\/image\/","url":"https:\/\/www.la16.fr\/fr\/wp-content\/uploads\/2021\/08\/logo-2019-vectoriel-ok.png","contentUrl":"https:\/\/www.la16.fr\/fr\/wp-content\/uploads\/2021\/08\/logo-2019-vectoriel-ok.png","width":500,"height":500,"caption":"LA16"},"image":{"@id":"https:\/\/www.la16.fr\/fr\/#\/schema\/logo\/image\/"},"sameAs":["https:\/\/www.facebook.com\/LA16fr","https:\/\/x.com\/La16Fr","https:\/\/www.instagram.com\/la16fr\/","https:\/\/www.youtube.com\/channel\/UCdWiToB8k03CX56jPTUr07A"]}]}</script>
<!-- / Yoast SEO plugin. -->

34ème édition de la Journée des Moulins Vivants | LA16.fr en Charente

Événement
