{"id":24406,"date":"2025-05-10T21:39:48","date_gmt":"2025-05-10T19:39:48","guid":{"rendered":"https:\/\/www.la16.fr\/fr\/?post_type=event&#038;p=24406"},"modified":"2026-04-28T11:39:26","modified_gmt":"2026-04-28T09:39:26","slug":"les-cagouilles-montbronnaises-seconde-edition","status":"publish","type":"event","link":"https:\/\/www.la16.fr\/fr\/agenda\/les-cagouilles-montbronnaises-seconde-edition\/","title":{"rendered":"Les Cagouilles Montbronnaises seconde \u00e9dition"},"content":{"rendered":"<div id=\"modal-ready\"><p data-start=\"43\" data-end=\"100\"><strong data-start=\"43\" data-end=\"100\">Annulation \u2013 Brocante \u00ab\u00a0Les Cagouilles Montbronnaises\u00a0\u00bb<\/strong><\/p>\n<p data-start=\"102\" data-end=\"256\">Nous vous informons que la brocante <strong data-start=\"138\" data-end=\"173\">\u00ab\u00a0Les Cagouilles Montbronnaises\u00a0\u00bb<\/strong>, pr\u00e9vue le <strong data-start=\"185\" data-end=\"199\">8 mai 2026<\/strong> au camping de Montbron, est malheureusement <strong data-start=\"244\" data-end=\"255\">annul\u00e9e<\/strong>.<\/p>\n<p data-start=\"258\" data-end=\"379\">Nous vous remercions pour votre compr\u00e9hension et esp\u00e9rons vous retrouver tr\u00e8s prochainement lors d\u2019un prochain \u00e9v\u00e9nement.<\/p>\n<p data-start=\"381\" data-end=\"423\"><strong data-start=\"381\" data-end=\"423\">L\u2019\u00e9quipe des Cagouilles Montbronnaises<\/strong><\/p>\n<\/div>","protected":false},"excerpt":{"rendered":"<p>Annulation \u2013 Brocante \u00ab\u00a0Les Cagouilles Montbronnaises\u00a0\u00bb Nous vous informons que la brocante \u00ab\u00a0Les Cagouilles Montbronnaises\u00a0\u00bb, pr\u00e9vue le 8 mai 2026 au camping de Montbron, est malheureusement annul\u00e9e. Nous vous remercions pour votre compr\u00e9hension et esp\u00e9rons vous retrouver tr\u00e8s prochainement lors d\u2019un prochain \u00e9v\u00e9nement. L\u2019\u00e9quipe des Cagouilles Montbronnaises<\/p>\n","protected":false},"featured_media":24402,"template":"","eventtype":[408],"class_list":["post-24406","event","type-event","status-publish","has-post-thumbnail","hentry","eventtype-brocante"],"yoast_head":"<!-- This site is optimized with the Yoast SEO plugin v27.5 - https:\/\/yoast.com\/product\/yoast-seo-wordpress\/ -->\n<title>Les Cagouilles Montbronnaises seconde \u00e9dition | LA16.fr en Charente<\/title>\n<meta name=\"robots\" content=\"index, follow, max-snippet:-1, max-image-preview:large, max-video-preview:-1\" \/>\n<link rel=\"canonical\" href=\"https:\/\/www.la16.fr\/fr\/agenda\/les-cagouilles-montbronnaises-seconde-edition\/\" \/>\n<meta property=\"og:locale\" content=\"fr_FR\" \/>\n<meta property=\"og:type\" content=\"article\" \/>\n<meta property=\"og:title\" content=\"Les Cagouilles Montbronnaises seconde \u00e9dition | LA16.fr en Charente\" \/>\n<meta property=\"og:description\" content=\"Annulation \u2013 Brocante \u00ab\u00a0Les Cagouilles Montbronnaises\u00a0\u00bb Nous vous informons que la brocante \u00ab\u00a0Les Cagouilles Montbronnaises\u00a0\u00bb, pr\u00e9vue le 8 mai 2026 au camping de Montbron, est malheureusement annul\u00e9e. Nous vous remercions pour votre compr\u00e9hension et esp\u00e9rons vous retrouver tr\u00e8s prochainement lors d\u2019un prochain \u00e9v\u00e9nement. L\u2019\u00e9quipe des Cagouilles Montbronnaises\" \/>\n<meta property=\"og:url\" content=\"https:\/\/www.la16.fr\/fr\/agenda\/les-cagouilles-montbronnaises-seconde-edition\/\" \/>\n<meta property=\"og:site_name\" content=\"LA16.fr en Charente\" \/>\n<meta property=\"article:publisher\" content=\"https:\/\/www.facebook.com\/LA16fr\" \/>\n<meta property=\"article:modified_time\" content=\"2026-04-28T09:39:26+00:00\" \/>\n<meta property=\"og:image\" content=\"https:\/\/www.la16.fr\/fr\/wp-content\/uploads\/2025\/05\/bandeau-2026.png\" \/>\n\t<meta property=\"og:image:width\" content=\"1920\" \/>\n\t<meta property=\"og:image:height\" content=\"250\" \/>\n\t<meta property=\"og:image:type\" content=\"image\/png\" \/>\n<meta name=\"twitter:card\" content=\"summary_large_image\" \/>\n<meta name=\"twitter:site\" content=\"@La16Fr\" \/>\n<script type=\"application\/ld+json\" class=\"yoast-schema-graph\">{\"@context\":\"https:\\\/\\\/schema.org\",\"@graph\":[{\"@type\":\"WebPage\",\"@id\":\"https:\\\/\\\/www.la16.fr\\\/fr\\\/agenda\\\/les-cagouilles-montbronnaises-seconde-edition\\\/\",\"url\":\"https:\\\/\\\/www.la16.fr\\\/fr\\\/agenda\\\/les-cagouilles-montbronnaises-seconde-edition\\\/\",\"name\":\"Les Cagouilles Montbronnaises seconde \u00e9dition | LA16.fr en Charente\",\"isPartOf\":{\"@id\":\"https:\\\/\\\/www.la16.fr\\\/fr\\\/#website\"},\"primaryImageOfPage\":{\"@id\":\"https:\\\/\\\/www.la16.fr\\\/fr\\\/agenda\\\/les-cagouilles-montbronnaises-seconde-edition\\\/#primaryimage\"},\"image\":{\"@id\":\"https:\\\/\\\/www.la16.fr\\\/fr\\\/agenda\\\/les-cagouilles-montbronnaises-seconde-edition\\\/#primaryimage\"},\"thumbnailUrl\":\"https:\\\/\\\/www.la16.fr\\\/fr\\\/wp-content\\\/uploads\\\/2025\\\/05\\\/bandeau-2026.png\",\"datePublished\":\"2025-05-10T19:39:48+00:00\",\"dateModified\":\"2026-04-28T09:39:26+00:00\",\"breadcrumb\":{\"@id\":\"https:\\\/\\\/www.la16.fr\\\/fr\\\/agenda\\\/les-cagouilles-montbronnaises-seconde-edition\\\/#breadcrumb\"},\"inLanguage\":\"fr-FR\",\"potentialAction\":[{\"@type\":\"ReadAction\",\"target\":[\"https:\\\/\\\/www.la16.fr\\\/fr\\\/agenda\\\/les-cagouilles-montbronnaises-seconde-edition\\\/\"]}]},{\"@type\":\"ImageObject\",\"inLanguage\":\"fr-FR\",\"@id\":\"https:\\\/\\\/www.la16.fr\\\/fr\\\/agenda\\\/les-cagouilles-montbronnaises-seconde-edition\\\/#primaryimage\",\"url\":\"https:\\\/\\\/www.la16.fr\\\/fr\\\/wp-content\\\/uploads\\\/2025\\\/05\\\/bandeau-2026.png\",\"contentUrl\":\"https:\\\/\\\/www.la16.fr\\\/fr\\\/wp-content\\\/uploads\\\/2025\\\/05\\\/bandeau-2026.png\",\"width\":1920,\"height\":250},{\"@type\":\"BreadcrumbList\",\"@id\":\"https:\\\/\\\/www.la16.fr\\\/fr\\\/agenda\\\/les-cagouilles-montbronnaises-seconde-edition\\\/#breadcrumb\",\"itemListElement\":[{\"@type\":\"ListItem\",\"position\":1,\"name\":\"Accueil\",\"item\":\"https:\\\/\\\/www.la16.fr\\\/fr\\\/\"},{\"@type\":\"ListItem\",\"position\":2,\"name\":\"\u00c9v\u00e9nement\",\"item\":\"https:\\\/\\\/www.la16.fr\\\/fr\\\/agenda\\\/\"},{\"@type\":\"ListItem\",\"position\":3,\"name\":\"Les Cagouilles Montbronnaises seconde \u00e9dition\"}]},{\"@type\":\"WebSite\",\"@id\":\"https:\\\/\\\/www.la16.fr\\\/fr\\\/#website\",\"url\":\"https:\\\/\\\/www.la16.fr\\\/fr\\\/\",\"name\":\"LA16.fr en Charente\",\"description\":\"\",\"publisher\":{\"@id\":\"https:\\\/\\\/www.la16.fr\\\/fr\\\/#organization\"},\"potentialAction\":[{\"@type\":\"SearchAction\",\"target\":{\"@type\":\"EntryPoint\",\"urlTemplate\":\"https:\\\/\\\/www.la16.fr\\\/fr\\\/?s={search_term_string}\"},\"query-input\":{\"@type\":\"PropertyValueSpecification\",\"valueRequired\":true,\"valueName\":\"search_term_string\"}}],\"inLanguage\":\"fr-FR\"},{\"@type\":\"Organization\",\"@id\":\"https:\\\/\\\/www.la16.fr\\\/fr\\\/#organization\",\"name\":\"LA16\",\"url\":\"https:\\\/\\\/www.la16.fr\\\/fr\\\/\",\"logo\":{\"@type\":\"ImageObject\",\"inLanguage\":\"fr-FR\",\"@id\":\"https:\\\/\\\/www.la16.fr\\\/fr\\\/#\\\/schema\\\/logo\\\/image\\\/\",\"url\":\"https:\\\/\\\/www.la16.fr\\\/fr\\\/wp-content\\\/uploads\\\/2021\\\/08\\\/logo-2019-vectoriel-ok.png\",\"contentUrl\":\"https:\\\/\\\/www.la16.fr\\\/fr\\\/wp-content\\\/uploads\\\/2021\\\/08\\\/logo-2019-vectoriel-ok.png\",\"width\":500,\"height\":500,\"caption\":\"LA16\"},\"image\":{\"@id\":\"https:\\\/\\\/www.la16.fr\\\/fr\\\/#\\\/schema\\\/logo\\\/image\\\/\"},\"sameAs\":[\"https:\\\/\\\/www.facebook.com\\\/LA16fr\",\"https:\\\/\\\/x.com\\\/La16Fr\",\"https:\\\/\\\/www.instagram.com\\\/la16fr\\\/\",\"https:\\\/\\\/www.youtube.com\\\/channel\\\/UCdWiToB8k03CX56jPTUr07A\"]}]}<\/script>\n<!-- \/ Yoast SEO plugin. -->","yoast_head_json":{"title":"Les Cagouilles Montbronnaises seconde \u00e9dition | LA16.fr en Charente","robots":{"index":"index","follow":"follow","max-snippet":"max-snippet:-1","max-image-preview":"max-image-preview:large","max-video-preview":"max-video-preview:-1"},"canonical":"https:\/\/www.la16.fr\/fr\/agenda\/les-cagouilles-montbronnaises-seconde-edition\/","og_locale":"fr_FR","og_type":"article","og_title":"Les Cagouilles Montbronnaises seconde \u00e9dition | LA16.fr en Charente","og_description":"Annulation \u2013 Brocante \u00ab\u00a0Les Cagouilles Montbronnaises\u00a0\u00bb Nous vous informons que la brocante \u00ab\u00a0Les Cagouilles Montbronnaises\u00a0\u00bb, pr\u00e9vue le 8 mai 2026 au camping de Montbron, est malheureusement annul\u00e9e. Nous vous remercions pour votre compr\u00e9hension et esp\u00e9rons vous retrouver tr\u00e8s prochainement lors d\u2019un prochain \u00e9v\u00e9nement. L\u2019\u00e9quipe des Cagouilles Montbronnaises","og_url":"https:\/\/www.la16.fr\/fr\/agenda\/les-cagouilles-montbronnaises-seconde-edition\/","og_site_name":"LA16.fr en Charente","article_publisher":"https:\/\/www.facebook.com\/LA16fr","article_modified_time":"2026-04-28T09:39:26+00:00","og_image":[{"width":1920,"height":250,"url":"https:\/\/www.la16.fr\/fr\/wp-content\/uploads\/2025\/05\/bandeau-2026.png","type":"image\/png"}],"twitter_card":"summary_large_image","twitter_site":"@La16Fr","schema":{"@context":"https:\/\/schema.org","@graph":[{"@type":"WebPage","@id":"https:\/\/www.la16.fr\/fr\/agenda\/les-cagouilles-montbronnaises-seconde-edition\/","url":"https:\/\/www.la16.fr\/fr\/agenda\/les-cagouilles-montbronnaises-seconde-edition\/","name":"Les Cagouilles Montbronnaises seconde \u00e9dition | LA16.fr en Charente","isPartOf":{"@id":"https:\/\/www.la16.fr\/fr\/#website"},"primaryImageOfPage":{"@id":"https:\/\/www.la16.fr\/fr\/agenda\/les-cagouilles-montbronnaises-seconde-edition\/#primaryimage"},"image":{"@id":"https:\/\/www.la16.fr\/fr\/agenda\/les-cagouilles-montbronnaises-seconde-edition\/#primaryimage"},"thumbnailUrl":"https:\/\/www.la16.fr\/fr\/wp-content\/uploads\/2025\/05\/bandeau-2026.png","datePublished":"2025-05-10T19:39:48+00:00","dateModified":"2026-04-28T09:39:26+00:00","breadcrumb":{"@id":"https:\/\/www.la16.fr\/fr\/agenda\/les-cagouilles-montbronnaises-seconde-edition\/#breadcrumb"},"inLanguage":"fr-FR","potentialAction":[{"@type":"ReadAction","target":["https:\/\/www.la16.fr\/fr\/agenda\/les-cagouilles-montbronnaises-seconde-edition\/"]}]},{"@type":"ImageObject","inLanguage":"fr-FR","@id":"https:\/\/www.la16.fr\/fr\/agenda\/les-cagouilles-montbronnaises-seconde-edition\/#primaryimage","url":"https:\/\/www.la16.fr\/fr\/wp-content\/uploads\/2025\/05\/bandeau-2026.png","contentUrl":"https:\/\/www.la16.fr\/fr\/wp-content\/uploads\/2025\/05\/bandeau-2026.png","width":1920,"height":250},{"@type":"BreadcrumbList","@id":"https:\/\/www.la16.fr\/fr\/agenda\/les-cagouilles-montbronnaises-seconde-edition\/#breadcrumb","itemListElement":[{"@type":"ListItem","position":1,"name":"Accueil","item":"https:\/\/www.la16.fr\/fr\/"},{"@type":"ListItem","position":2,"name":"\u00c9v\u00e9nement","item":"https:\/\/www.la16.fr\/fr\/agenda\/"},{"@type":"ListItem","position":3,"name":"Les Cagouilles Montbronnaises seconde \u00e9dition"}]},{"@type":"WebSite","@id":"https:\/\/www.la16.fr\/fr\/#website","url":"https:\/\/www.la16.fr\/fr\/","name":"LA16.fr en Charente","description":"","publisher":{"@id":"https:\/\/www.la16.fr\/fr\/#organization"},"potentialAction":[{"@type":"SearchAction","target":{"@type":"EntryPoint","urlTemplate":"https:\/\/www.la16.fr\/fr\/?s={search_term_string}"},"query-input":{"@type":"PropertyValueSpecification","valueRequired":true,"valueName":"search_term_string"}}],"inLanguage":"fr-FR"},{"@type":"Organization","@id":"https:\/\/www.la16.fr\/fr\/#organization","name":"LA16","url":"https:\/\/www.la16.fr\/fr\/","logo":{"@type":"ImageObject","inLanguage":"fr-FR","@id":"https:\/\/www.la16.fr\/fr\/#\/schema\/logo\/image\/","url":"https:\/\/www.la16.fr\/fr\/wp-content\/uploads\/2021\/08\/logo-2019-vectoriel-ok.png","contentUrl":"https:\/\/www.la16.fr\/fr\/wp-content\/uploads\/2021\/08\/logo-2019-vectoriel-ok.png","width":500,"height":500,"caption":"LA16"},"image":{"@id":"https:\/\/www.la16.fr\/fr\/#\/schema\/logo\/image\/"},"sameAs":["https:\/\/www.facebook.com\/LA16fr","https:\/\/x.com\/La16Fr","https:\/\/www.instagram.com\/la16fr\/","https:\/\/www.youtube.com\/channel\/UCdWiToB8k03CX56jPTUr07A"]}]}},"_links":{"self":[{"href":"https:\/\/www.la16.fr\/fr\/wp-json\/wp\/v2\/event\/24406","targetHints":{"allow":["GET"]}}],"collection":[{"href":"https:\/\/www.la16.fr\/fr\/wp-json\/wp\/v2\/event"}],"about":[{"href":"https:\/\/www.la16.fr\/fr\/wp-json\/wp\/v2\/types\/event"}],"version-history":[{"count":4,"href":"https:\/\/www.la16.fr\/fr\/wp-json\/wp\/v2\/event\/24406\/revisions"}],"predecessor-version":[{"id":24653,"href":"https:\/\/www.la16.fr\/fr\/wp-json\/wp\/v2\/event\/24406\/revisions\/24653"}],"wp:featuredmedia":[{"embeddable":true,"href":"https:\/\/www.la16.fr\/fr\/wp-json\/wp\/v2\/media\/24402"}],"wp:attachment":[{"href":"https:\/\/www.la16.fr\/fr\/wp-json\/wp\/v2\/media?parent=24406"}],"wp:term":[{"taxonomy":"eventtype","embeddable":true,"href":"https:\/\/www.la16.fr\/fr\/wp-json\/wp\/v2\/eventtype?post=24406"}],"curies":[{"name":"wp","href":"https:\/\/api.w.org\/{rel}","templated":true}]}}

Les Cagouilles Montbronnaises seconde édition

<div id="modal-ready"><p data-start="43" data-end="100"><strong data-start="43" data-end="100">Annulation – Brocante « Les Cagouilles Montbronnaises »</strong></p>
<p data-start="102" data-end="256">Nous vous informons que la brocante <strong data-start="138" data-end="173">« Les Cagouilles Montbronnaises »</strong>, prévue le <strong data-start="185" data-end="199">8 mai 2026</strong> au camping de Montbron, est malheureusement <strong data-start="244" data-end="255">annulée</strong>.</p>
<p data-start="258" data-end="379">Nous vous remercions pour votre compréhension et espérons vous retrouver très prochainement lors d’un prochain événement.</p>
<p data-start="381" data-end="423"><strong data-start="381" data-end="423">L’équipe des Cagouilles Montbronnaises</strong></p>
</div>

<p>Annulation – Brocante « Les Cagouilles Montbronnaises » Nous vous informons que la brocante « Les Cagouilles Montbronnaises », prévue le 8 mai 2026 au camping de Montbron, est malheureusement annulée. Nous vous remercions pour votre compréhension et espérons vous retrouver très prochainement lors d’un prochain événement. L’équipe des Cagouilles Montbronnaises</p>

<!-- This site is optimized with the Yoast SEO plugin v27.5 - https://yoast.com/product/yoast-seo-wordpress/ -->
<title>Les Cagouilles Montbronnaises seconde édition | LA16.fr en Charente</title>
<meta name="robots" content="index, follow, max-snippet:-1, max-image-preview:large, max-video-preview:-1" />
<link rel="canonical" href="https://www.la16.fr/fr/agenda/les-cagouilles-montbronnaises-seconde-edition/" />
<meta property="og:locale" content="fr_FR" />
<meta property="og:type" content="article" />
<meta property="og:title" content="Les Cagouilles Montbronnaises seconde édition | LA16.fr en Charente" />
<meta property="og:description" content="Annulation – Brocante « Les Cagouilles Montbronnaises » Nous vous informons que la brocante « Les Cagouilles Montbronnaises », prévue le 8 mai 2026 au camping de Montbron, est malheureusement annulée. Nous vous remercions pour votre compréhension et espérons vous retrouver très prochainement lors d’un prochain événement. L’équipe des Cagouilles Montbronnaises" />
<meta property="og:url" content="https://www.la16.fr/fr/agenda/les-cagouilles-montbronnaises-seconde-edition/" />
<meta property="og:site_name" content="LA16.fr en Charente" />
<meta property="article:publisher" content="https://www.facebook.com/LA16fr" />
<meta property="article:modified_time" content="2026-04-28T09:39:26+00:00" />
<meta property="og:image" content="https://www.la16.fr/fr/wp-content/uploads/2025/05/bandeau-2026.png" />
	<meta property="og:image:width" content="1920" />
	<meta property="og:image:height" content="250" />
	<meta property="og:image:type" content="image/png" />
<meta name="twitter:card" content="summary_large_image" />
<meta name="twitter:site" content="@La16Fr" />
<script type="application/ld+json" class="yoast-schema-graph">{"@context":"https:\/\/schema.org","@graph":[{"@type":"WebPage","@id":"https:\/\/www.la16.fr\/fr\/agenda\/les-cagouilles-montbronnaises-seconde-edition\/","url":"https:\/\/www.la16.fr\/fr\/agenda\/les-cagouilles-montbronnaises-seconde-edition\/","name":"Les Cagouilles Montbronnaises seconde édition | LA16.fr en Charente","isPartOf":{"@id":"https:\/\/www.la16.fr\/fr\/#website"},"primaryImageOfPage":{"@id":"https:\/\/www.la16.fr\/fr\/agenda\/les-cagouilles-montbronnaises-seconde-edition\/#primaryimage"},"image":{"@id":"https:\/\/www.la16.fr\/fr\/agenda\/les-cagouilles-montbronnaises-seconde-edition\/#primaryimage"},"thumbnailUrl":"https:\/\/www.la16.fr\/fr\/wp-content\/uploads\/2025\/05\/bandeau-2026.png","datePublished":"2025-05-10T19:39:48+00:00","dateModified":"2026-04-28T09:39:26+00:00","breadcrumb":{"@id":"https:\/\/www.la16.fr\/fr\/agenda\/les-cagouilles-montbronnaises-seconde-edition\/#breadcrumb"},"inLanguage":"fr-FR","potentialAction":[{"@type":"ReadAction","target":["https:\/\/www.la16.fr\/fr\/agenda\/les-cagouilles-montbronnaises-seconde-edition\/"]}]},{"@type":"ImageObject","inLanguage":"fr-FR","@id":"https:\/\/www.la16.fr\/fr\/agenda\/les-cagouilles-montbronnaises-seconde-edition\/#primaryimage","url":"https:\/\/www.la16.fr\/fr\/wp-content\/uploads\/2025\/05\/bandeau-2026.png","contentUrl":"https:\/\/www.la16.fr\/fr\/wp-content\/uploads\/2025\/05\/bandeau-2026.png","width":1920,"height":250},{"@type":"BreadcrumbList","@id":"https:\/\/www.la16.fr\/fr\/agenda\/les-cagouilles-montbronnaises-seconde-edition\/#breadcrumb","itemListElement":[{"@type":"ListItem","position":1,"name":"Accueil","item":"https:\/\/www.la16.fr\/fr\/"},{"@type":"ListItem","position":2,"name":"Événement","item":"https:\/\/www.la16.fr\/fr\/agenda\/"},{"@type":"ListItem","position":3,"name":"Les Cagouilles Montbronnaises seconde édition"}]},{"@type":"WebSite","@id":"https:\/\/www.la16.fr\/fr\/#website","url":"https:\/\/www.la16.fr\/fr\/","name":"LA16.fr en Charente","description":"","publisher":{"@id":"https:\/\/www.la16.fr\/fr\/#organization"},"potentialAction":[{"@type":"SearchAction","target":{"@type":"EntryPoint","urlTemplate":"https:\/\/www.la16.fr\/fr\/?s={search_term_string}"},"query-input":{"@type":"PropertyValueSpecification","valueRequired":true,"valueName":"search_term_string"}}],"inLanguage":"fr-FR"},{"@type":"Organization","@id":"https:\/\/www.la16.fr\/fr\/#organization","name":"LA16","url":"https:\/\/www.la16.fr\/fr\/","logo":{"@type":"ImageObject","inLanguage":"fr-FR","@id":"https:\/\/www.la16.fr\/fr\/#\/schema\/logo\/image\/","url":"https:\/\/www.la16.fr\/fr\/wp-content\/uploads\/2021\/08\/logo-2019-vectoriel-ok.png","contentUrl":"https:\/\/www.la16.fr\/fr\/wp-content\/uploads\/2021\/08\/logo-2019-vectoriel-ok.png","width":500,"height":500,"caption":"LA16"},"image":{"@id":"https:\/\/www.la16.fr\/fr\/#\/schema\/logo\/image\/"},"sameAs":["https:\/\/www.facebook.com\/LA16fr","https:\/\/x.com\/La16Fr","https:\/\/www.instagram.com\/la16fr\/","https:\/\/www.youtube.com\/channel\/UCdWiToB8k03CX56jPTUr07A"]}]}</script>
<!-- / Yoast SEO plugin. -->

Les Cagouilles Montbronnaises seconde édition | LA16.fr en Charente

Annulation – Brocante « Les Cagouilles Montbronnaises » Nous vous informons que la brocante « Les Cagouilles Montbronnaises », prévue le 8 mai 2026 au camping de Montbron, est malheureusement annulée. Nous vous remercions pour votre compréhension et espérons vous retrouver très prochainement lors d’un prochain événement. L’équipe des Cagouilles Montbronnaises

Événement
